{"id":81,"date":"2021-10-18T13:57:27","date_gmt":"2021-10-18T17:57:27","guid":{"rendered":"https:\/\/sjrcpa.ca\/?page_id=81"},"modified":"2025-05-12T13:18:07","modified_gmt":"2025-05-12T17:18:07","slug":"qui-sommes-nous","status":"publish","type":"page","link":"https:\/\/sjrcpa.ca\/index.php\/qui-sommes-nous\/","title":{"rendered":"Qui sommes nous ?"},"content":{"rendered":"<p>[et_pb_section fb_built=\u00a0\u00bb1&Prime; module_id=\u00a0\u00bbimpot\u00a0\u00bb _builder_version=\u00a0\u00bb4.16&Prime; _module_preset=\u00a0\u00bbdefault\u00a0\u00bb background_color=\u00a0\u00bbrgba(0,0,0,0.07)\u00a0\u00bb min_height=\u00a0\u00bb1147.8px\u00a0\u00bb custom_margin=\u00a0\u00bb0px||0px||false|false\u00a0\u00bb custom_padding=\u00a0\u00bb96px|||||\u00a0\u00bb top_divider_style=\u00a0\u00bbwave2&Prime; top_divider_color=\u00a0\u00bb#731113&Prime; top_divider_flip=\u00a0\u00bbhorizontal\u00a0\u00bb bottom_divider_style=\u00a0\u00bbcurve2&Prime; bottom_divider_color=\u00a0\u00bb#731113&Prime; global_colors_info=\u00a0\u00bb{}\u00a0\u00bb][et_pb_row column_structure=\u00a0\u00bb1_3,2_3&Prime; _builder_version=\u00a0\u00bb4.16&Prime; _module_preset=\u00a0\u00bbdefault\u00a0\u00bb border_width_bottom=\u00a0\u00bb2px\u00a0\u00bb border_color_bottom=\u00a0\u00bb#731113&Prime; global_colors_info=\u00a0\u00bb{}\u00a0\u00bb][et_pb_column type=\u00a0\u00bb1_3&Prime; _builder_version=\u00a0\u00bb4.16&Prime; _module_preset=\u00a0\u00bbdefault\u00a0\u00bb border_color_right=\u00a0\u00bbRGBA(0,0,0,0)\u00a0\u00bb border_color_all_tablet=\u00a0\u00bbRGBA(0,0,0,0)\u00a0\u00bb border_color_all_phone=\u00a0\u00bb\u00a0\u00bb border_color_all_last_edited=\u00a0\u00bbon|desktop\u00a0\u00bb border_color_right_tablet=\u00a0\u00bbRGBA(0,0,0,0)\u00a0\u00bb border_color_right_phone=\u00a0\u00bb\u00a0\u00bb border_color_right_last_edited=\u00a0\u00bbon|phone\u00a0\u00bb global_colors_info=\u00a0\u00bb{}\u00a0\u00bb][et_pb_text _builder_version=\u00a0\u00bb4.16&Prime; _module_preset=\u00a0\u00bbdefault\u00a0\u00bb header_text_color=\u00a0\u00bb#43A0D9&Prime; custom_margin=\u00a0\u00bb|20px||20px|false|false\u00a0\u00bb animation_style=\u00a0\u00bbslide\u00a0\u00bb animation_direction=\u00a0\u00bbleft\u00a0\u00bb border_width_bottom=\u00a0\u00bb3px\u00a0\u00bb border_color_bottom=\u00a0\u00bbRGBA(0,0,0,0)\u00a0\u00bb global_colors_info=\u00a0\u00bb{}\u00a0\u00bb]<\/p>\n<h1>Qui sommes nous ?<\/h1>\n<p>&nbsp;<\/p>\n<p>Cr\u00e9\u00e9e en mars 2007, \u00ab\u00a0Les Services Comptables SJR Inc.\u00a0\u00bb est une entreprise familiale situ\u00e9e \u00e0 La Prairie.<\/p>\n<p>Notre \u00e9quipe multidisciplinaire constitu\u00e9e d\u2019un Comptable Professionnel Agr\u00e9\u00e9 fiscaliste, d\u2019une gestionnaire administrative et d\u2019un commis comptable est compl\u00e9ment\u00e9e de professionnels externes nous permettant d\u2019adapter le niveau de service \u00e0 votre besoin.<\/p>\n<ul><\/ul>\n<p>&nbsp;<\/p>\n<p>[\/et_pb_text][\/et_pb_column][et_pb_column type=\u00a0\u00bb2_3&Prime; _builder_version=\u00a0\u00bb4.16&Prime; _module_preset=\u00a0\u00bbdefault\u00a0\u00bb border_color_right=\u00a0\u00bbRGBA(0,0,0,0)\u00a0\u00bb border_color_all_tablet=\u00a0\u00bbRGBA(0,0,0,0)\u00a0\u00bb border_color_all_phone=\u00a0\u00bb\u00a0\u00bb border_color_all_last_edited=\u00a0\u00bbon|desktop\u00a0\u00bb border_color_right_tablet=\u00a0\u00bbRGBA(0,0,0,0)\u00a0\u00bb border_color_right_phone=\u00a0\u00bb\u00a0\u00bb border_color_right_last_edited=\u00a0\u00bbon|phone\u00a0\u00bb global_colors_info=\u00a0\u00bb{}\u00a0\u00bb][et_pb_image src=\u00a0\u00bbhttps:\/\/sjrcpa.ca\/wp-content\/uploads\/2021\/11\/Facade-SJR-9-C-B.jpg\u00a0\u00bb title_text=\u00a0\u00bbFacade-SJR-9-C-B\u00a0\u00bb _builder_version=\u00a0\u00bb4.16&Prime; _module_preset=\u00a0\u00bbdefault\u00a0\u00bb animation_style=\u00a0\u00bbfade\u00a0\u00bb global_colors_info=\u00a0\u00bb{}\u00a0\u00bb][\/et_pb_image][\/et_pb_column][\/et_pb_row][et_pb_row column_structure=\u00a0\u00bb1_2,1_2&Prime; _builder_version=\u00a0\u00bb4.16&Prime; _module_preset=\u00a0\u00bbdefault\u00a0\u00bb border_width_bottom=\u00a0\u00bb2px\u00a0\u00bb border_color_bottom=\u00a0\u00bb#731113&Prime; global_colors_info=\u00a0\u00bb{}\u00a0\u00bb][et_pb_column type=\u00a0\u00bb1_2&Prime; _builder_version=\u00a0\u00bb4.16&Prime; _module_preset=\u00a0\u00bbdefault\u00a0\u00bb global_colors_info=\u00a0\u00bb{}\u00a0\u00bb][et_pb_text _builder_version=\u00a0\u00bb4.26.0&Prime; _module_preset=\u00a0\u00bbdefault\u00a0\u00bb header_4_text_color=\u00a0\u00bb#43A0D9&Prime; global_colors_info=\u00a0\u00bb{}\u00a0\u00bb]<\/p>\n<h4 style=\"text-align: center;\">St\u00e9phane Robichaud, CPA auditeur Fiscaliste<\/h4>\n<p>[\/et_pb_text][et_pb_image src=\u00a0\u00bbhttps:\/\/sjrcpa.ca\/wp-content\/uploads\/2021\/10\/Srephane.jpg\u00a0\u00bb title_text=\u00a0\u00bbSr\u00e9phane\u00a0\u00bb align=\u00a0\u00bbcenter\u00a0\u00bb _builder_version=\u00a0\u00bb4.16&Prime; _module_preset=\u00a0\u00bbdefault\u00a0\u00bb animation_style=\u00a0\u00bbflip\u00a0\u00bb animation_direction=\u00a0\u00bbright\u00a0\u00bb border_width_all=\u00a0\u00bb3px\u00a0\u00bb border_color_all=\u00a0\u00bb#731113&Prime; box_shadow_style=\u00a0\u00bbpreset2&Prime; global_colors_info=\u00a0\u00bb{}\u00a0\u00bb][\/et_pb_image][et_pb_text _builder_version=\u00a0\u00bb4.16&Prime; _module_preset=\u00a0\u00bbdefault\u00a0\u00bb global_colors_info=\u00a0\u00bb{}\u00a0\u00bb]<\/p>\n<p style=\"text-align: justify;\">Bachelier en administration des affaires depuis 1993. St\u00e9phane d\u00e9tient deux dipl\u00f4mes d\u2019\u00e9tudes sup\u00e9rieures sp\u00e9cialis\u00e9es l\u2019un en gestion et l\u2019autre en fiscalit\u00e9, tous de l\u2019\u00c9cole des Hautes \u00c9tudes Commerciales (HEC).\u00a0 Titulaire des permis d\u2019exercice de la profession de comptable professionnel agr\u00e9\u00e9 et de la comptabilit\u00e9 publique.<\/p>\n<p>[\/et_pb_text][\/et_pb_column][et_pb_column type=\u00a0\u00bb1_2&Prime; _builder_version=\u00a0\u00bb4.16&Prime; _module_preset=\u00a0\u00bbdefault\u00a0\u00bb global_colors_info=\u00a0\u00bb{}\u00a0\u00bb][et_pb_text _builder_version=\u00a0\u00bb4.16&Prime; _module_preset=\u00a0\u00bbdefault\u00a0\u00bb header_4_text_color=\u00a0\u00bb#43A0D9&Prime; global_colors_info=\u00a0\u00bb{}\u00a0\u00bb]<\/p>\n<h4 style=\"text-align: center;\">Isabelle Lalonde, Gestionnaire administrative<\/h4>\n<p>[\/et_pb_text][et_pb_image src=\u00a0\u00bbhttps:\/\/sjrcpa.ca\/wp-content\/uploads\/2021\/10\/isabelle.jpg\u00a0\u00bb title_text=\u00a0\u00bbisabelle\u00a0\u00bb align=\u00a0\u00bbcenter\u00a0\u00bb _builder_version=\u00a0\u00bb4.16&Prime; _module_preset=\u00a0\u00bbdefault\u00a0\u00bb animation_style=\u00a0\u00bbflip\u00a0\u00bb animation_direction=\u00a0\u00bbright\u00a0\u00bb animation_delay=\u00a0\u00bb200ms\u00a0\u00bb border_width_all=\u00a0\u00bb3px\u00a0\u00bb border_color_all=\u00a0\u00bb#731113&Prime; box_shadow_style=\u00a0\u00bbpreset2&Prime; global_colors_info=\u00a0\u00bb{}\u00a0\u00bb][\/et_pb_image][et_pb_text _builder_version=\u00a0\u00bb4.16&Prime; _module_preset=\u00a0\u00bbdefault\u00a0\u00bb global_colors_info=\u00a0\u00bb{}\u00a0\u00bb]<\/p>\n<p style=\"text-align: justify;\"><span>Bacheli\u00e8re en administration des affaires en gestion des ressources humaines et de l\u2019administration des services.<\/span><\/p>\n<p>[\/et_pb_text][\/et_pb_column][\/et_pb_row][et_pb_row column_structure=\u00a0\u00bb3_5,2_5&Prime; _builder_version=\u00a0\u00bb4.16&Prime; _module_preset=\u00a0\u00bbdefault\u00a0\u00bb global_colors_info=\u00a0\u00bb{}\u00a0\u00bb][et_pb_column type=\u00a0\u00bb3_5&Prime; _builder_version=\u00a0\u00bb4.16&Prime; _module_preset=\u00a0\u00bbdefault\u00a0\u00bb global_colors_info=\u00a0\u00bb{}\u00a0\u00bb][et_pb_text _builder_version=\u00a0\u00bb4.16&Prime; _module_preset=\u00a0\u00bbdefault\u00a0\u00bb header_text_color=\u00a0\u00bb#43A0D9&Prime; global_colors_info=\u00a0\u00bb{}\u00a0\u00bb]<\/p>\n<h1>Notre valeur centrale<\/h1>\n<p>&nbsp;<\/p>\n<p>La conciliation travail-famille est importante pour nous et nous croyons qu\u2019elle l\u2019est aussi pour notre client\u00e8le.\u00a0 C\u2019est pourquoi nous sommes pr\u00e9sents pour celle-ci lorsqu\u2019il est temps de pr\u00e9server leur qualit\u00e9 de vie en famille et de les lib\u00e9rez des t\u00e2ches de gestion.<\/p>\n<p>&nbsp;<\/p>\n<h1>Notre mission<\/h1>\n<p>&nbsp;<\/p>\n<p>Offrir un large \u00e9ventail de services comptables et fiscaux aux entrepreneurs et particuliers afin de leur permettre de devenir plus productifs, efficaces et libres.<\/p>\n<p>[\/et_pb_text][\/et_pb_column][et_pb_column type=\u00a0\u00bb2_5&Prime; _builder_version=\u00a0\u00bb4.16&Prime; _module_preset=\u00a0\u00bbdefault\u00a0\u00bb global_colors_info=\u00a0\u00bb{}\u00a0\u00bb][et_pb_image src=\u00a0\u00bbhttps:\/\/sjrcpa.ca\/wp-content\/uploads\/2021\/10\/travaillefamille.jpg\u00a0\u00bb title_text=\u00a0\u00bbtravaillefamille\u00a0\u00bb _builder_version=\u00a0\u00bb4.16&Prime; _module_preset=\u00a0\u00bbdefault\u00a0\u00bb global_colors_info=\u00a0\u00bb{}\u00a0\u00bb][\/et_pb_image][\/et_pb_column][\/et_pb_row][\/et_pb_section]<\/p>\n","protected":false},"excerpt":{"rendered":"<p>Qui sommes nous ? &nbsp; Cr\u00e9\u00e9e en mars 2007, \u00ab\u00a0Les Services Comptables SJR Inc.\u00a0\u00bb est une entreprise familiale situ\u00e9e \u00e0 La Prairie. Notre \u00e9quipe multidisciplinaire constitu\u00e9e d\u2019un Comptable Professionnel Agr\u00e9\u00e9 fiscaliste, d\u2019une gestionnaire administrative et d\u2019un commis comptable est compl\u00e9ment\u00e9e de professionnels externes nous permettant d\u2019adapter le niveau de service \u00e0 votre besoin. &nbsp;St\u00e9phane Robichaud, [&hellip;]<\/p>\n","protected":false},"author":1,"featured_media":0,"parent":0,"menu_order":0,"comment_status":"closed","ping_status":"closed","template":"","meta":{"_et_pb_use_builder":"on","_et_pb_old_content":"","_et_gb_content_width":"","footnotes":""},"class_list":["post-81","page","type-page","status-publish","hentry"],"_links":{"self":[{"href":"https:\/\/sjrcpa.ca\/index.php\/wp-json\/wp\/v2\/pages\/81","targetHints":{"allow":["GET"]}}],"collection":[{"href":"https:\/\/sjrcpa.ca\/index.php\/wp-json\/wp\/v2\/pages"}],"about":[{"href":"https:\/\/sjrcpa.ca\/index.php\/wp-json\/wp\/v2\/types\/page"}],"author":[{"embeddable":true,"href":"https:\/\/sjrcpa.ca\/index.php\/wp-json\/wp\/v2\/users\/1"}],"replies":[{"embeddable":true,"href":"https:\/\/sjrcpa.ca\/index.php\/wp-json\/wp\/v2\/comments?post=81"}],"version-history":[{"count":22,"href":"https:\/\/sjrcpa.ca\/index.php\/wp-json\/wp\/v2\/pages\/81\/revisions"}],"predecessor-version":[{"id":305,"href":"https:\/\/sjrcpa.ca\/index.php\/wp-json\/wp\/v2\/pages\/81\/revisions\/305"}],"wp:attachment":[{"href":"https:\/\/sjrcpa.ca\/index.php\/wp-json\/wp\/v2\/media?parent=81"}],"curies":[{"name":"wp","href":"https:\/\/api.w.org\/{rel}","templated":true}]}}